rime factors of 3 + y + (12 + -8 - -877)?
2, 443
Let f be 1956/(-8)*(2 - (-60)/(-18)). Suppose -3*x - 58 = -5*w, -x = w - 3*w + 23. Suppose -f = 9*g - w*g. What are the prime factors of g?
163
Let x = -225 - -228. List the prime factors of (-68)/12 + 6 - (-3050)/x.
3, 113
Suppose -100940 = -5549*a + 5539*a. What are the prime factors of a?
2, 7, 103
Let n(t) = t**3 - 9*t**2 + 14*t + 11. Let z be n(7). Suppose -5*h = z + 34. What are the prime factors of 12 + 2*h/6?
3
Let k(j) be the second derivative of j**4/4 - j**3/6 + 21*j**2 - 14*j - 3. List the prime factors of k(0).
2, 3, 7
Suppose 14*v - 110709 = -17217. What are the prime factors of v?
2, 3, 7, 53
Let w(f) = -4614*f - 9. Let t be w(-2). Suppose -t = 45*v - 52554. List the prime factors of v.
3, 107
Let y(t) = -t**2 - 18*t + 2. Let j be y(-18). Let u = 5 + -5. What are the prime factors of -1 + 142 + u*(-1)/j?
3, 47
Let f(b) = 1498*b**2 + 67*b - 202. List the prime factors of f(3).
13, 17, 61
Suppose 12*c - 24 = -0*c. Suppose 12 = k - c*r, 0 = k + 5*r - 5. Let a(p) = -p**2 + 15*p - 9. What are the prime factors of a(k)?
41
Let y = 26168 + -12281. What are the prime factors of y?
3, 1543
Let c = -31555 - -66950. What are the prime factors of c?
5, 7079
Suppose 5*i + 3 = 63. Suppose 3*n + n = i, 511 = 2*u + 5*n. Suppose 526 = 4*q - 2*d, d + 3*d = 2*q - u. List the prime factors of q.
2, 67
Suppose -4*x = -2*m + x - 51, 5*m - 5*x + 105 = 0. Let n(c) be the first derivative of c**4/4 + 6*c**3 - 13*c**2/2 - 24*c + 1. List the prime factors of n(m).
2, 3, 5, 7
What are the prime factors of 58/(-80) - (-2)/16 - (-343846)/10?
2, 7, 307
Let p = 8070 - 2682. Suppose 8*s = 5692 + p. List the prime factors of s.
5, 277
Let x = 6938 + -4086. What are the prime factors of x?
2, 23, 31
Let t be 684/144 - 3/4. Suppose -285 = -z - t*p - 36, 252 = z + p. What are the prime factors of z?
11, 23
Let q = 165 + -160. Suppose 5*v = -h + 2347, 4*v + 353 = q*h + 2219. List the prime factors of v.
7, 67
Let y(m) = -m**3 + 87*m**2 + 133*m - 171. List the prime factors of y(88).
3, 421
Suppose -22 = 4*z + q, -4*z - 84*q + 87*q - 14 = 0. List the prime factors of 769 + 0/(-6 - 20/z).
769
Suppose -225 = -3*p + 3*b, 3*b = 5*p + 2*b - 395. Let l be 66/18 + (-2 - (-20)/6). Suppose -2*q + p = -o + 5*o, l*o = -2*q + 76. List the prime factors of q.
2, 3
Let h(o) be the first derivative of o**4/3 + o**3/6 + 3*o**2 + 31*o - 10. Let t(q) be the first derivative of h(q). List the prime factors of t(6).
2, 3, 13
Let f(s) = -s + 27. Let v be f(17). Let t(o) = o**2 - 7*o - 6. Let z be t(v). Suppose 75 = d + z. What are the prime factors of d?
3, 17
What are the prime factors of 3/20 + (-12485901)/(-1860)?
7, 137
List the prime factors of 10*3/165 - 262306/(-121).
2, 271
Let u = -40 - -33. Let q(l) = -l**3 - 9*l**2 - 5*l + 6. Let a(r) = r**2 + 1. Let i(s) = 5*a(s) + q(s). What are the prime factors of i(u)?
193
List the prime factors of (-380375)/(-40) - (236/32 + -7).
37, 257
Suppose 154266 = 163*x - 98384. List the prime factors of x.
2, 5, 31
Suppose -9*r + r = -40. What are the prime factors of 124*(5/(-4) + r)?
3, 5, 31
Suppose 3*h + 5956 = g, -162*h + 167*h = -5. What are the prime factors of g?
5953
Let o = 32231 + -27528. What are the prime factors of o?
4703
What are the prime factors of 5936/2544 + 44525/3?
2, 3, 1237
Suppose 7*q = 6*q - p + 48, 2*p = 0. Suppose -2*h - 3*y + 523 = 0, 0 = 4*h - 44*y + q*y - 1044. What are the prime factors of h?
2, 5, 13
Let k = -948 - -6429. List the prime factors of k.
3, 7, 29
Suppose -3*r + 879 = -3*c - 0*c, -1212 = 4*c + 4*r. Let p = 313 + c. What are the prime factors of p?
3, 5
Let s(c) = c**2 + 10*c + 18. Let m be s(-8). Let d be (3/(-15)*0)/m. Suppose d = -a - j + 81, -3*j = -3*a - 0*j + 213. List the prime factors of a.
2, 19
Let i = -400 + 389. Let s(o) = -10*o + 28. What are the prime factors of s(i)?
2, 3, 23
List the prime factors of 3 + -19 + 55539/3.
53, 349
Let r be (0 - 0) + (1 - -1) + 1. Suppose -r*h + 5*h + 196 = 2*a, 0 = h. Suppose 3*w = a - 5. What are the prime factors of w?
31
Let s be 3216/42 - 24/42. Let m = s - -81. What are the prime factors of m?
157
Suppose 0 = 2*o - 4*s - 110, 3*o + 0*s = s + 140. What are the prime factors of -724*((-4)/26 + o/(-468))?
181
Suppose 5*v + 2*r + 12 = 6*v, 2*r + 36 = 5*v. What are the prime factors of v + -5 + 3 + 508?
2
Suppose 24*j - 57659 = -1618 + 45479. List the prime factors of j.
2, 3, 5, 47
Let s(j) = -9*j**3 - 13*j**3 + 18*j**2 + 29*j**3 + 45*j - 6 - 8*j**3. What are the prime factors of s(15)?
2, 3, 7
Let u(y) = y**2 - 6*y + 12. Let t be u(5). Let h be -4 - ((-17)/(-2))/(t/126). Let p = 405 + h. List the prime factors of p.
2, 31
Let l = 18329 + 4112. What are the prime factors of l?
22441
Let w(f) = -60*f**2 + 5*f + 20. Let k be w(-5). Let v = 2142 + k. List the prime factors of v.
7, 13
Suppose -866 = 10*c + 3984. Let j = 340 - c. What are the prime factors of j?
3, 5, 11
Suppose 14*h = 15*h + 30. Let l(f) = 12*f**2 - f - 21. Let j be l(7). List the prime factors of j/3*(-36)/h.
2, 7
Let d(r) = 4172*r**2 + 5*r - 4. Let c be d(2). Suppose 9*v + c = 26*v. List the prime factors of v.
2, 491
Let c(i) = 13420*i**2 + 105*i - 213. List the prime factors of c(2).
13, 4129
Suppose -1746 = 4*c + u, -u = -8 + 10. Let l = c + 1266. List the prime factors of l.
2, 5, 83
Suppose -26787 + 11229 = -13*o + 14849. What are the prime factors of o?
2339
What are the prime factors of 455005/51 - (-11)/(-3)?
2, 7, 13
Suppose -6 = 3*r, 2*r - 1748 = -5*t - 92. List the prime factors of t.
2, 83
Let q = -7733 - -15169. Suppose 17*x - 4*x = q. What are the prime factors of x?
2, 11, 13
Suppose -5*t = -241 - 14. Let i = t - 43. What are the prime factors of ((-90)/i)/((-2)/8 - 0)?
3, 5
Suppose -5*w + 47997 = 2*v, -17*v + 11*v = -3*w + 28791. List the prime factors of w.
29, 331
List the prime factors of 1/2*26865410/495 + (-2)/(-9).
11, 2467
Let d = -18376 + 25845. List the prime factors of d.
7, 11, 97
Let a(n) = -18*n + 4. Let y be a(-1). Let z(v) = v**3 + 14*v**2 + 8*v - 9. Let i be z(-5). Suppose -i = y*l - 26*l. What are the prime factors of l?
2, 11
Let h(g) = 236*g**2 + 948*g + 7634. What are the prime factors of h(-8)?
2, 7577
Suppose 3*t - 25*k + 27*k - 51274 = 0, -5*t - 3*k + 85458 = 0. List the prime factors of t.
2, 3, 7, 11, 37
Let o(a) = 2*a**2 - 9*a - 24. Let u be o(-2). What are the prime factors of (2 - -9 - (u + 2))*239?
7, 239
Suppose -36675 = -u + 5*y, 0 = 4*u + 2*y - 33613 - 112999. List the prime factors of u.
5, 7331
What are the prime factors of (-112518)/1995*(-1042)/6*5?
2, 47, 521
Let x(b) be the third derivative of 17*b**4/6 + 87*b**3/2 - 5*b**2 - 9. What are the prime factors of x(11)?
1009
Let b(y) = 2173*y + 143. Let c be b(4). Suppose c = 10*z + 655. What are the prime factors of z?
2, 409
Let r be (-5)/20 - 39/(-12). Suppose 4*g = r + 13. Suppose 0 = -2*b + 5*k + 81, 4*b + g*k + 23 - 227 = 0. What are the prime factors of b?
2, 3
Suppose 50 = 5*d - 5*a, 0 = -0*d - d + 3*a + 8. Let v = -228 - 356. List the prime factors of d/(-33) - v/6.
97
Let f = -334 - -5452. List the prime factors of (84/63)/(8/f).
853
Let g be (-1)/(1/26*2). Let q = 15 + g. Suppose 3*v - 56 = -4*l + 215, -q*l = -3*v + 283. List the prime factors of v.
3, 31
Suppose c = 0, -4*h - c = -6*c - 228. What are the prime factors of 6/h + (-8073)/(-19)?
5, 17
What are the prime factors of 8045 - 14/((-210)/135)?
2, 4027
Let g = 119 + -115. Suppose -340 = -l - y - 30, g*y = -12. List the prime factors of l.
313
Suppose 5*j + 7*q - 11*q = 26013, -2*j + 5*q + 10412 = 0. What are the prime factors of j?
7, 743
Let w(p) be the third derivative of p**5/15 - 23*p**4/24 - 4*p**3 - 89*p**2. What are the prime factors of w(-10)?
2, 3, 101
Let h(i) be the second derivative of 4*i**3/3 - 2*i**2 - 35*i. Let o be h(6). Suppose -2*f + o = -50. List the prime factors of f.
47
Let d(z) = 8*z**2 + 216*z - 38. List the prime factors of d(17).
2, 3, 991
Let s(h) = -9*h**2 + 3*h + 2. Let g be s(-1). List the prime factors of 1/((46/115)/((-3172)/g)).
13, 61
Let a(p) = 162*p + 577 - 606 + 303*p. What are the prime factors of a(1)?
2, 109
Suppose -g + 318 = 158. What are the prime factors of g?
2, 5
Let k(x) = 17*x - 260. Suppose g = 2*s - 37, -3 + 80 = 4*s + g. 